 3*f + h - 20. Suppose 285 = f*m - a + 3*a, 0 = -5*m + a + 270. What are the prime factors of m?
5, 11
Suppose -y - 2*y + 15 = 0. Suppose y*h - h - 224 = 0. List the prime factors of h.
2, 7
Let t = -51 - -64. What are the prime factors of t?
13
Suppose -3*u - 27276 - 4472 = -4*m, 2*u - 2*m = -21164. List the prime factors of u/(-161) - 2/(-7).
2, 3, 11
Suppose 0 = -j + 2. Let w = j + -28. Let t = 10 - w. What are the prime factors of t?
2, 3
Let f(t) = 166*t**2 + 28*t - 54. What are the prime factors of f(4)?
2, 23, 59
Suppose -459 - 77 = -4*k - 2*w, -4*k + 542 = 5*w. What are the prime factors of k?
7, 19
Let c(s) = -1 + 0 - 5 + 1 - 20*s. Let x(m) = m**3 - 18*m**2 + 18*m - 19. Let l be x(17). What are the prime factors of c(l)?
5, 7
Suppose 0 = -3*n - 8*t + 11*t + 3846, -5123 = -4*n + 3*t. List the prime factors of n.
1277
Suppose 0 = -11*o + 40 - 150. Let c(b) = -b**2 - 14*b - 5. What are the prime factors of c(o)?
5, 7
Suppose -5*y = -2*t + 31, 4*y - 2*t + 32 = 2*t. Let x(m) = 9*m**2 + 6*m + 9. Let b be x(y). Suppose 6*o - 9*o = -b. What are the prime factors of o?
2, 17
Let s(z) = 3*z**2 - z - 6. Let y = -39 + 46. Let p be s(y). Suppose -5*c + p = -3*c - v, 3*c + 2*v = 215. List the prime factors of c.
3, 23
Let v(g) = 3*g + 4. Let y be v(5). Suppose -b = -y + 7. List the prime factors of b.
2, 3
Let r(s) = -6*s + 5. Let f = 57 + -40. Suppose 4*u + 3*g = -f, -4*u + g + 3*g - 24 = 0. List the prime factors of r(u).
5, 7
What are the prime factors of ((-14)/(-35))/(4/230)?
23
Let z = 12 - 24. Let i = -10 - z. What are the prime factors of i?
2
Let i(k) be the second derivative of k**3/6 - 11*k**2/2 - 3*k. Let z be i(8). List the prime factors of (-70)/z + 2/3.
2, 3
Suppose -411*h = -431*h + 25740. List the prime factors of h.
3, 11, 13
Suppose -l = 2*l + 3*c - 18, -22 = -4*l - 2*c. Suppose -3*k + k = -5*s - 157, -2*k + 107 = l*s. List the prime factors of k.
2, 3, 11
Let s(r) = 8*r**3 + 3*r**2 + 2*r - 1. Let q be s(-2). Suppose 4*j - j = 15. List the prime factors of 6/(-15) - q/j.
11
Let h(l) = -6 - 4*l + 0 - 3 - 2. Let d be h(-14). What are the prime factors of (d/(-6))/((-3)/4)?
2, 5
Suppose 12*j = 4*j + 2512. List the prime factors of j.
2, 157
Let k = -25 - -162. Suppose 2*i = k + 125. List the prime factors of i.
131
Let t = 2413 + -1602. List the prime factors of t.
811
Let a = -83 + 50. Let g = a - -45. Let r(z) = z - 3. What are the prime factors of r(g)?
3
Let c be (-6)/27 + (-116)/(-36). Suppose -4 = y + 3*n, 3*y + 0*n = c*n. List the prime factors of (-4 - (28 - 0))*y.
2
Suppose -8*x + 44 = -4*x. Let a = x + 7. What are the prime factors of a?
2, 3
Let g be (-25)/(5/(-1)) + 0. Suppose -s = g*s - 36. List the prime factors of (0 - 114)/(s/(-3)).
3, 19
Suppose 10 = 3*h + z, 0 = h + 5*z - 3 - 5. Suppose -2*q = -h*x - 329, 3*q + 5*x - 312 = 172. What are the prime factors of q?
163
Let g(u) = -u + 6. Let n be g(2). Suppose 3*r - 5*r = n*d - 244, 4*d - 118 = -r. What are the prime factors of r?
2, 3, 7
What are the prime factors of (-24)/(-9)*26802/24?
2, 1489
Let m(j) = -2*j**2 - 14*j - 14. Let x be m(-6). Let g(o) = 13*o**2 + 5*o + 4. What are the prime factors of g(x)?
2, 23
Let t(o) = o**2 - 20*o - 20. Let w be t(22). Let n be (9/(-6))/(2/(-16)). List the prime factors of n/(-4)*w/(-9).
2
Let t = -550 - -1824. List the prime factors of t.
2, 7, 13
Let f = 1287 - 732. List the prime factors of f.
3, 5, 37
Let v be 8 + 0 - (1 - -2). Suppose 328 = -v*j + 9*j. List the prime factors of j.
2, 41
Let r = 826 - -483. What are the prime factors of r?
7, 11, 17
Suppose -3 + 13 = -10*x. Let f(l) = -l**3 + 2*l**2 + 3*l + 2. What are the prime factors of f(x)?
2
Suppose -18 - 504 = 6*m. Let v = m + 169. List the prime factors of v.
2, 41
What are the prime factors of ((-217)/(-2))/((-28)/(-56))?
7, 31
List the prime factors of (-8)/20 + 45312/80.
2, 283
Suppose 147*r - 155*r = -5312. What are the prime factors of r?
2, 83
Let a be 8/3*87/116. What are the prime factors of (-3 + (a - 1))*107/(-2)?
107
Let u(n) = n + 12. Let y be u(-12). Let l = 0 + y. What are the prime factors of (26 + -3 + l)/1?
23
What are the prime factors of (-4)/56 + 21732/56?
2, 97
Suppose -4*v - 26 = -110. Let d(z) = -21*z - 74. Let p be d(-3). Let k = p + v. List the prime factors of k.
2, 5
What are the prime factors of 214536/392 + 2/(-7)?
547
Let w(k) = k**3 - 2*k**2 + 5*k - 6. What are the prime factors of w(3)?
2, 3
Let h be -1 + 34 + (0 - -2). Suppose 37*j - 160 = h*j. What are the prime factors of j?
2, 5
Let o(b) = 3*b**3 + 3*b**2 - 7*b + 1. Let c be ((-1)/(-2))/((-7)/210*-5). List the prime factors of o(c).
2, 11
Let o = 8 - 32. List the prime factors of (-2)/(-4)*-3*o.
2, 3
Suppose 4*c - 234 = -5*j + 78, -2*c + 4*j = -182. Suppose 511 + c = 6*o. List the prime factors of o.
3, 11
Let o(j) be the first derivative of -j**4/4 - j**2/2 - 3. Let l be o(0). What are the prime factors of (l + 1)/((-1)/(-8))?
2
Let t = 268 - -234. What are the prime factors of t?
2, 251
Suppose -5*m + 260 = -5*w, 0 - 40 = -m - 5*w. List the prime factors of m.
2, 5
Let p = 6 - -22. Let x be ((16/6)/4)/((-5)/45). Let h = p + x. What are the prime factors of h?
2, 11
Let g = 1276 - -91. What are the prime factors of g?
1367
Let t(o) = 446*o - 50. What are the prime factors of t(2)?
2, 421
Let r be 12/28 - (-188)/(-14). Let h(u) = -u**2 - 13*u + 5. Let s be h(r). Suppose s*m + 0*m = 95. List the prime factors of m.
19
Let i = -131 - -71. Let q = -36 - i. List the prime factors of q.
2, 3
Suppose 24*a - 39 = 21*a + 3*n, a = -3*n + 21. Suppose -4*g - 6 = -2*g. Let o = a + g. What are the prime factors of o?
2, 3
Suppose 22 - 20 = 2*s. What are the prime factors of s*(1476/10 - 8/(-20))?
2, 37
Let s(m) be the third derivative of 19*m**6/120 - m**5/15 + m**4/12 + m**3/6 + 22*m**2 + 2*m. List the prime factors of s(2).
3, 47
Let h(c) be the third derivative of c**5/15 - c**4/12 + c**3/3 - 7*c**2. Let m be h(-3). What are the prime factors of (-2)/8 + 319/m?
7
Suppose 0 = -4*g + 1339 + 273. List the prime factors of g.
13, 31
Let o(z) = -8 + z + 2 + 3. Let w be o(9). What are the prime factors of w/2 - 4*-7?
31
Suppose -2*n + 0 = -14. Let i = n + -4. Suppose 48 = b - i. List the prime factors of b.
3, 17
Suppose -4 = -3*y + 5*r, 0*r - 10 = -4*y + 2*r. Let q be 5/y - (-5)/15. List the prime factors of 23 + q - 0 - -3.
2, 7
Suppose 8*c - 79 = 9. Let h(s) = 2*s**2 + 11*s - 10. What are the prime factors of h(c)?
353
Let b be (-161)/4 + 2/8. Suppose -5*l - 132 = -3*l. Let w = b - l. List the prime factors of w.
2, 13
Let s = 112 - -55. Let c = s + -90. What are the prime factors of c?
7, 11
Suppose -5*t + 15 = 0, 2*p - 2*t = -2*p + 2162. Suppose 6*x = 4*x + 2*m + p, -x = 4*m - 246. Let w = x - 190. List the prime factors of w.
2, 19
Suppose 9037 = 21*k - 21560. What are the prime factors of k?
31, 47
Let f = -4 - -9. Suppose -f*k + 378 = -4*c - 0*k, -c - 2*k - 101 = 0. Let u = -45 - c. What are the prime factors of u?
2, 13
Suppose 4*u + 724 = -7*n + 3*n, n = -4*u - 190. Let c = -254 - n. Let t = 106 + c. List the prime factors of t.
2, 3, 5
Let y = -118 - -149. What are the prime factors of y - (1/1 - 2)?
2
Let c(i) = -i**2 + 6*i - 11. Let y be c(5). List the prime factors of 136 - (-15)/y*2.
131
Suppose -5*f - 3125 = -5*k, -5*k - 4*f + 3961 - 818 = 0. What are the prime factors of k?
3, 11, 19
Suppose 3*q + 0*l = 2*l + 74, 0 = 5*q + l - 119. Let v = q + -6. List the prime factors of v.
2, 3
Suppose 5 + 15 = 4*g. Suppose 440 = -3*d + 7*d + g*c, -202 = -2*d + 2*c. List the prime factors of d.
3, 5, 7
Suppose 16*u = 44*u - 2800. List the prime factors of u.
2, 5
Let q(n) be the third derivative of -n**5/60 - 5*n**4/12 - n**3/6 + n**2. Let v be -2*58/14 - (-16)/56. What are the prime factors of q(v)?
3, 5
Let v(r) be the third derivative of r**5/15 + r**4/4 - 2*r**3/3 - 3*r**2 - 8*r. What are the prime factors of v(-3)?
2, 7
Let d(r) = r**2 - 1. Let y be -4 + 6*(-3)/(-6). Let i be d(y). Suppose i = 4*h + 38 - 118. List the prime factors of h.
2, 5
Let q(z) = -2*z - 11. Let v be q(-7). Let h = 14 + v. What are the prime factors of h?
17
Suppose 1 = -3*p - 5. Let n be -8*2*p/(-8). What are the prime factors of n/(-14) - (-813)/21?
3, 13
Let v(x) = -2*x**2 + 8*x + 2. Let k be v(9). Let s = -55 